{"id":25203,"date":"2021-08-09T12:50:18","date_gmt":"2021-08-09T16:50:18","guid":{"rendered":"https:\/\/equipelasalleteam.com\/equipe\/richard-deschamps\/"},"modified":"2021-09-22T10:57:34","modified_gmt":"2021-09-22T14:57:34","slug":"richard-deschamps","status":"publish","type":"equipe","link":"https:\/\/equipelasalleteam.com\/en\/equipe\/richard-deschamps\/","title":{"rendered":"Richard Deschamps"},"content":{"rendered":"\n<p id=\"E107\">Lecturer at Universit\u00e9 de Montr\u00e9al and HEC Montr\u00e9al between 1990 and 2005, Richard Deschamps holds an MBA, a Master\u2019s Degree in Industrial Relations and a Bachelor&#8217;s Degree in Psychology. He has worked for nearly 20 years in management and consulting with major private sector and educational organizations.<\/p>\n\n\n\n<p id=\"E120\">A City Councillor since 1999, Mr. Deschamps has been responsible for a number of files in the Borough as well as in the City, notably those related to economic development, sustainable development, infrastructure and roadways.<\/p>\n\n\n\n<p id=\"E124\">He has been an Associate Councillor to the Mayor, appointed to the Executive Committee and the Agglomeration Council and has chaired various commissions.<\/p>\n\n\n\n<p id=\"E126\">During his fifth term, from 2013 to 2017, he served on the Board of Directors of Montr\u00e9al International. Since 2017, he has chaired the Board of Directors of Concertation Montr\u00e9al and has become a member of the Contract Review Board. He chaired the Economic Development Commission from September 2015 and became the first City Councillor responsible for issues related to education and university and college affairs.<\/p>\n\n\n\n<p id=\"E133\">Re-elected for a sixth term in November 2017, Mr. Deschamps is responsible for local issues related to culture, public transit and PME Montr\u00e9al. His skills have also earned him the privilege of chairing the Commission on Finance and Administration of Montr\u00e9al and of being a member of several prestigious Boards of Directors such as Cit\u00e9 des m\u00e9tiers Activio, Eureka L&#8217;\u00cele du savoir and Montr\u00e9al Rel\u00e8ve. From 2017 to 2021, he also served on the Commission on Economic Development, Metropolitan Facilities and Finance of the Communaut\u00e9 m\u00e9tropolitaine de Montr\u00e9al (CMM).<\/p>\n","protected":false},"featured_media":26594,"template":"","categories":[21,20],"tags":[],"class_list":["post-25203","equipe","type-equipe","status-publish","has-post-thumbnail","hentry","category-21","category-equipe"],"_links":{"self":[{"href":"https:\/\/equipelasalleteam.com\/en\/wp-json\/wp\/v2\/equipe\/25203","targetHints":{"allow":["GET"]}}],"collection":[{"href":"https:\/\/equipelasalleteam.com\/en\/wp-json\/wp\/v2\/equipe"}],"about":[{"href":"https:\/\/equipelasalleteam.com\/en\/wp-json\/wp\/v2\/types\/equipe"}],"wp:featuredmedia":[{"embeddable":true,"href":"https:\/\/equipelasalleteam.com\/en\/wp-json\/wp\/v2\/media\/26594"}],"wp:attachment":[{"href":"https:\/\/equipelasalleteam.com\/en\/wp-json\/wp\/v2\/media?parent=25203"}],"wp:term":[{"taxonomy":"category","embeddable":true,"href":"https:\/\/equipelasalleteam.com\/en\/wp-json\/wp\/v2\/categories?post=25203"},{"taxonomy":"post_tag","embeddable":true,"href":"https:\/\/equipelasalleteam.com\/en\/wp-json\/wp\/v2\/tags?post=25203"}],"curies":[{"name":"wp","href":"https:\/\/api.w.org\/{rel}","templated":true}]}}

<p id="E107">Lecturer at Université de Montréal and HEC Montréal between 1990 and 2005, Richard Deschamps holds an MBA, a Master’s Degree in Industrial Relations and a Bachelor&#8217;s Degree in Psychology. He has worked for nearly 20 years in management and consulting with major private sector and educational organizations.</p>



<p id="E120">A City Councillor since 1999, Mr. Deschamps has been responsible for a number of files in the Borough as well as in the City, notably those related to economic development, sustainable development, infrastructure and roadways.</p>



<p id="E124">He has been an Associate Councillor to the Mayor, appointed to the Executive Committee and the Agglomeration Council and has chaired various commissions.</p>



<p id="E126">During his fifth term, from 2013 to 2017, he served on the Board of Directors of Montréal International. Since 2017, he has chaired the Board of Directors of Concertation Montréal and has become a member of the Contract Review Board. He chaired the Economic Development Commission from September 2015 and became the first City Councillor responsible for issues related to education and university and college affairs.</p>



<p id="E133">Re-elected for a sixth term in November 2017, Mr. Deschamps is responsible for local issues related to culture, public transit and PME Montréal. His skills have also earned him the privilege of chairing the Commission on Finance and Administration of Montréal and of being a member of several prestigious Boards of Directors such as Cité des métiers Activio, Eureka L&#8217;Île du savoir and Montréal Relève. From 2017 to 2021, he also served on the Commission on Economic Development, Metropolitan Facilities and Finance of the Communauté métropolitaine de Montréal (CMM).</p>
